{"id":29288,"date":"2020-05-02T11:00:38","date_gmt":"2020-05-02T09:00:38","guid":{"rendered":"https:\/\/www.infracenter.fr\/?page_id=29288"},"modified":"2020-05-03T09:54:08","modified_gmt":"2020-05-03T07:54:08","slug":"carrieres","status":"publish","type":"page","link":"https:\/\/www.infracenter.fr\/index.php\/carrieres\/","title":{"rendered":"Carri\u00e8res"},"content":{"rendered":"<p>[vc_row css=\u00a0\u00bb.vc_custom_1509351079558{padding-top: 80px !important;padding-bottom: 100px !important;}\u00a0\u00bb el_id=\u00a0\u00bbabout\u00a0\u00bb][vc_column]<div id=\"ultimate-heading-755169df5b058474a\" class=\"uvc-heading ult-adjust-bottom-margin ultimate-heading-755169df5b058474a uvc-1412 \" data-hspacer=\"line_with_icon\" data-hline_width=\"120\" data-hicon_type=\"selector\" data-hborder_style=\"solid\" data-hborder_height=\"3\" data-hborder_color=\"#f3615a\" data-icon_width=\"18\" data-hfixer=\"10\"  data-halign=\"center\" style=\"text-align:center\"><div class=\"uvc-main-heading ult-responsive\"  data-ultimate-target='.uvc-heading.ultimate-heading-755169df5b058474a h1'  data-responsive-json-new='{\"font-size\":\"desktop:42px;mobile_landscape:34px;\",\"line-height\":\"desktop:52px;mobile_landscape:44px;\"}' ><h1 style=\"font-weight:bold;\">Vous &amp; Nous<\/h1><\/div><div class=\"uvc-heading-spacer line_with_icon\" style=\"margin-bottom:60px;height:18px;\"><div class=\"ult-just-icon-wrapper  \"><div class=\"align-icon\" style=\"text-align:center;\">\n<div class=\"aio-icon none \"  style=\"color:#f3615a;font-size:18px;display:inline-block;\">\n\t<i class=\"icomoon-font-awesome-14x14-chevron-down\"><\/i>\n<\/div><\/div><\/div><\/div><\/div>[\/vc_column][\/vc_row][vc_row][vc_column][vc_column_text]<strong>Vous et Nous <\/strong><\/p>\n<h2>01. Ambition<\/h2>\n<p><strong>Notre ambition : \u00eatre une \u00ab\u00a0entreprise de r\u00e9f\u00e9rence\u00a0\u00bb pour nos collaborateurs.<\/strong><br \/>\n<strong>Notre politique s&rsquo;articule autour de 3 id\u00e9es<\/strong><strong> :<\/strong><\/p>\n<h3>Attirer et fid\u00e9liser les meilleurs<\/h3>\n<ul>\n<li>Identifier les talents, leur donner les moyens de progresser et de s&rsquo;\u00e9panouir de fa\u00e7on durable et motivante.<\/li>\n<li>Nous efforcer d&rsquo;\u00eatre une entreprise de r\u00e9f\u00e9rence tant pour nos clients que pour nos collaborateurs d&rsquo;aujourd&rsquo;hui et de demain.<\/li>\n<li>Donner \u00e0 nos collaborateurs la m\u00eame attention que celle que nous portons \u00e0 nos clients, la m\u00eame envie de grandir et de se d\u00e9velopper avec nous.<\/li>\n<\/ul>\n<h3>Privil\u00e9gier un \u00e9tat d&rsquo;esprit<\/h3>\n<ul>\n<li>Le parler vrai<\/li>\n<li>Le respect<\/li>\n<li>La responsabilisation de chacun<\/li>\n<li>L&rsquo;envie d&rsquo;agir et de r\u00e9ussir ensemble<\/li>\n<\/ul>\n<h3>Favoriser le d\u00e9veloppement et valoriser la performance de chacun<\/h3>\n<ul>\n<li>Fournir \u00e0 nos collaborateurs tous les outils et le soutien manag\u00e9rial qui leur permettront d&rsquo;\u00eatre performants et d&rsquo;obtenir des r\u00e9sultats.<\/li>\n<li>D\u00e9velopper en permanence leurs comp\u00e9tences par le partage d&rsquo;exp\u00e9riences et de \u00ab\u00a0best practices\u00a0\u00bb.<\/li>\n<li>Favoriser la formation : chaque ann\u00e9e, les commerciaux d&rsquo;INFRACENTER ont pass\u00e9 10% de leur temps en formation.<\/li>\n<li>Responsabiliser chacun sur ses performances et ses r\u00e9sultats, d\u00e8s le d\u00e9marrage de sa vie professionnelle. Partager les fruits de nos succ\u00e8s.<\/li>\n<\/ul>\n<h2>02. Recrutement<\/h2>\n<p><strong>Rep\u00e9rer les talents qui contribueront \u00e0 la r\u00e9ussite de notre projet.<\/strong><br \/>\n<strong>Il s&rsquo;agit de cr\u00e9er, avec vous, un mode de distribution unique et de garder toujours un temps d&rsquo;avance<\/strong><strong>.<\/strong><\/p>\n<p>Nous recherchons des collaborateurs qui sont pr\u00eats \u00e0 partager nos engagements aupr\u00e8s de nos clients et \u00e0 s&rsquo;investir pour apporter leur contribution individuelle \u00e0 notre d\u00e9veloppement rapide.<\/p>\n<p>Les qualit\u00e9s que nous recherchons :<\/p>\n<ul>\n<li>Dynamisme, enthousiasme, r\u00e9activit\u00e9, esprit entrepreneurial<\/li>\n<li>Sens de l&rsquo;\u00e9coute, du contact et du service<\/li>\n<li>Force de persuasion<\/li>\n<li>Esprit d&rsquo;\u00e9quipe<\/li>\n<\/ul>\n<p>De notre c\u00f4t\u00e9, nous mettons en \u0153uvre une politique de gestion des ressources humaines dont l&rsquo;objectif est de permettre \u00e0 nos collaborateurs de se former, de progresser et de s&rsquo;\u00e9panouir.<\/p>\n<p>En rencontrant l&rsquo;\u00e9quipe Recrutement, vous aurez la possibilit\u00e9 de faire partager votre motivation, votre enthousiasme et votre dynamisme.<\/p>\n<h2>03. Int\u00e9gration &amp; Formation<\/h2>\n<p>INFRACENTER a mis en place des actions pour vous accompagner durant votre int\u00e9gration et tout au long de votre parcours au sein de l&rsquo;entreprise.<\/p>\n<h3>Int\u00e9gration : vous permettre de vous sentir \u00e0 l&rsquo;aise tout de suite<\/h3>\n<p>D\u00e8s votre arriv\u00e9e, vous retrouverez d&rsquo;autres nouveaux arrivants et obtiendrez toutes les informations utiles sur l&rsquo;organisation de l&rsquo;entreprise et sur votre nouvel environnement professionnel. Vous suivrez un cursus de formation de 3 semaines. \u00c0 cette occasion, vous serez form\u00e9(e) \u00e0 la vente des produits et services technologiques que nous distribuons ainsi qu&rsquo;aux techniques commerciales les plus adapt\u00e9es \u00e0 votre portefeuille de clients. Vous serez initi\u00e9(e) \u00e0 l&rsquo;utilisation de nos bases de donn\u00e9es et de nos logiciels de gestion.<\/p>\n<h3>Formation : vous permettre de gagner en confiance et en performance<\/h3>\n<p>Par la suite, diff\u00e9rents programmes de formation vous seront propos\u00e9s (management, techniques de ventes, anglais&#8230;). Ils permettront de parfaire votre apprentissage au sein de l&rsquo;entreprise, prendre du recul par rapport au m\u00e9tier que vous exercez et pr\u00e9parer votre \u00e9volution.<\/p>\n<p>Nous formons \u00e9galement les managers pour qu&rsquo;ils soient en mesure de vous accompagner et vous aider \u00e0 d\u00e9velopper vos performances au quotidien.<\/p>\n<h2>04. Parcours<\/h2>\n<h3>Garder toujours un temps d&rsquo;avance<\/h3>\n<p>Nos m\u00e9tiers sont exigeants et notre environnement en mutation permanente : \u00e9volution des modes de distribution, \u00e9volution rapide des produits et services technologiques vendus \u00e0 nos clients.<\/p>\n<p>Vous exercerez votre m\u00e9tier dans un environnement de travail anim\u00e9 par la volont\u00e9 de se remettre sans cesse en question, par un esprit de conqu\u00eate, par le souci permanent d&rsquo;\u00eatre plus r\u00e9actif et plus performant que nos concurrents.<\/p>\n<h3>Favoriser votre \u00e9volution par un suivi individualis\u00e9<\/h3>\n<p>Chaque collaborateur b\u00e9n\u00e9ficie de l&rsquo;appui de son responsable et d&rsquo;un suivi individualis\u00e9 : entretiens de carri\u00e8re, \u00e9valuations professionnelles et offres de formation.<\/p>\n<p>Vous pourrez faire un bilan d\u00e9taill\u00e9 de vos performances, de vos axes de d\u00e9veloppement, de vos souhaits et des diff\u00e9rentes possibilit\u00e9s d&rsquo;\u00e9volution.<\/p>\n<p>INFRACENTER favorise la progression et la mobilit\u00e9 interne. Lorsqu&rsquo;un poste correspondant \u00e0 votre projet sera ouvert, vous rencontrerez les managers afin de discuter d&rsquo;une future collaboration.<\/p>\n<p>&nbsp;<\/p>\n<h2 style=\"text-align: center;\">Offres disponibles<\/h2>\n<p>&nbsp;<\/p>\n<blockquote class=\"wp-embedded-content\" data-secret=\"r3WQO9ySRp\"><p><a href=\"https:\/\/www.infracenter.fr\/index.php\/commercialsedentaireresponsabledecomptes\/\">Commercial S\u00e9dentaire \/ Responsable de comptes<\/a><\/p><\/blockquote>\n<p><iframe title=\"\u00ab\u00a0Commercial S\u00e9dentaire \/ Responsable de comptes\u00a0\u00bb &#8212; INFRACENTER\" class=\"wp-embedded-content\" sandbox=\"allow-scripts\" security=\"restricted\" style=\"position: absolute; clip: rect(1px, 1px, 1px, 1px);\" src=\"https:\/\/www.infracenter.fr\/index.php\/commercialsedentaireresponsabledecomptes\/embed\/#?secret=r3WQO9ySRp\" data-secret=\"r3WQO9ySRp\" width=\"600\" height=\"338\" frameborder=\"0\" marginwidth=\"0\" marginheight=\"0\" scrolling=\"no\"><\/iframe><\/p>\n<blockquote class=\"wp-embedded-content\" data-secret=\"vKEwTK1nZo\"><p><a href=\"https:\/\/www.infracenter.fr\/index.php\/assistante-commerciale-2\/\">Assistante commerciale<\/a><\/p><\/blockquote>\n<p><iframe title=\"\u00ab\u00a0Assistante commerciale\u00a0\u00bb &#8212; INFRACENTER\" class=\"wp-embedded-content\" sandbox=\"allow-scripts\" security=\"restricted\" style=\"position: absolute; clip: rect(1px, 1px, 1px, 1px);\" src=\"https:\/\/www.infracenter.fr\/index.php\/assistante-commerciale-2\/embed\/#?secret=vKEwTK1nZo\" data-secret=\"vKEwTK1nZo\" width=\"600\" height=\"338\" frameborder=\"0\" marginwidth=\"0\" marginheight=\"0\" scrolling=\"no\"><\/iframe><\/p>\n<blockquote class=\"wp-embedded-content\" data-secret=\"lxsBeVA5Bz\"><p><a href=\"https:\/\/www.infracenter.fr\/index.php\/comptable\/\">Comptable<\/a><\/p><\/blockquote>\n<p><iframe title=\"\u00ab\u00a0Comptable\u00a0\u00bb &#8212; INFRACENTER\" class=\"wp-embedded-content\" sandbox=\"allow-scripts\" security=\"restricted\" style=\"position: absolute; clip: rect(1px, 1px, 1px, 1px);\" src=\"https:\/\/www.infracenter.fr\/index.php\/comptable\/embed\/#?secret=lxsBeVA5Bz\" data-secret=\"lxsBeVA5Bz\" width=\"600\" height=\"338\" frameborder=\"0\" marginwidth=\"0\" marginheight=\"0\" scrolling=\"no\"><\/iframe><\/p>\n<p>[\/vc_column_text][\/vc_column][\/vc_row]<\/p>\n","protected":false},"excerpt":{"rendered":"<p>[vc_row css=\u00a0\u00bb.vc_custom_1509351079558{padding-top: 80px !important;padding-bottom: 100px !important;}\u00a0\u00bb el_id=\u00a0\u00bbabout\u00a0\u00bb][vc_column][\/vc_column][\/vc_row][vc_row][vc_column][vc_column_text]Vous et Nous 01. Ambition Notre ambition : \u00eatre une \u00ab\u00a0entreprise de r\u00e9f\u00e9rence\u00a0\u00bb pour nos collaborateurs. Notre politique s&rsquo;articule autour de 3 id\u00e9es : Attirer et fid\u00e9liser les meilleurs Identifier les talents, leur donner les moyens de progresser et de s&rsquo;\u00e9panouir de fa\u00e7on durable et motivante. Nous efforcer d&rsquo;\u00eatre&hellip;<\/p>\n","protected":false},"author":1,"featured_media":733,"parent":0,"menu_order":0,"comment_status":"closed","ping_status":"closed","template":"template-microsite.php","meta":{"_seopress_robots_primary_cat":"","_seopress_titles_title":"","_seopress_titles_desc":"","_seopress_robots_index":""},"class_list":["post-29288","page","type-page","status-publish","has-post-thumbnail","hentry","description-off"],"_links":{"self":[{"href":"https:\/\/www.infracenter.fr\/index.php\/wp-json\/wp\/v2\/pages\/29288","targetHints":{"allow":["GET"]}}],"collection":[{"href":"https:\/\/www.infracenter.fr\/index.php\/wp-json\/wp\/v2\/pages"}],"about":[{"href":"https:\/\/www.infracenter.fr\/index.php\/wp-json\/wp\/v2\/types\/page"}],"author":[{"embeddable":true,"href":"https:\/\/www.infracenter.fr\/index.php\/wp-json\/wp\/v2\/users\/1"}],"replies":[{"embeddable":true,"href":"https:\/\/www.infracenter.fr\/index.php\/wp-json\/wp\/v2\/comments?post=29288"}],"version-history":[{"count":2,"href":"https:\/\/www.infracenter.fr\/index.php\/wp-json\/wp\/v2\/pages\/29288\/revisions"}],"predecessor-version":[{"id":29401,"href":"https:\/\/www.infracenter.fr\/index.php\/wp-json\/wp\/v2\/pages\/29288\/revisions\/29401"}],"wp:featuredmedia":[{"embeddable":true,"href":"https:\/\/www.infracenter.fr\/index.php\/wp-json\/wp\/v2\/media\/733"}],"wp:attachment":[{"href":"https:\/\/www.infracenter.fr\/index.php\/wp-json\/wp\/v2\/media?parent=29288"}],"curies":[{"name":"wp","href":"https:\/\/api.w.org\/{rel}","templated":true}]}}